ate the greatest common factor of 3968 and 10292.
124
Calculate the greatest common divisor of 491683 and 5392.
337
Calculate the highest common divisor of 3219 and 4884.
111
Calculate the greatest common factor of 1464 and 1566846.
366
What is the greatest common factor of 9472 and 29748?
148
What is the highest common divisor of 6347 and 165?
11
Calculate the highest common divisor of 311 and 361.
1
Calculate the highest common divisor of 4503 and 83187.
237
Calculate the highest common divisor of 8217 and 33.
33
What is the highest common divisor of 27 and 4506?
3
What is the greatest common factor of 44 and 14004?
4
Calculate the greatest common divisor of 1321040 and 240.
80
Calculate the greatest common divisor of 708 and 104961.
177
Calculate the greatest common divisor of 2790249 and 423.
141
Calculate the greatest common factor of 855 and 18905.
95
What is the greatest common divisor of 10738 and 3186?
118
Calculate the highest common divisor of 120 and 618.
6
What is the greatest common divisor of 406038 and 708?
354
What is the highest common factor of 7984 and 8?
8
Calculate the greatest common divisor of 22034 and 2944.
46
Calculate the greatest common divisor of 34505 and 1139.
67
Calculate the greatest common divisor of 35915 and 1540.
55
Calculate the highest common divisor of 824 and 11667016.
824
What is the highest common factor of 14658 and 924?
42
Calculate the highest common factor of 180 and 8135.
5
Calculate the highest common divisor of 4728 and 3048.
24
What is the greatest common divisor of 27 and 183627?
27
Calculate the greatest common factor of 89 and 356.
89
What is the greatest common factor of 1120 and 2000?
80
What is the highest common divisor of 1913 and 119?
1
Calculate the greatest common factor of 53244 and 8910.
54
What is the greatest common factor of 2014 and 2968?
106
Calculate the greatest common factor of 249417 and 567.
63
Calculate the greatest common factor of 48 and 73140.
12
What is the greatest common factor of 2387 and 2695?
77
What is the greatest common divisor of 2839968 and 173?
173
Calculate the highest common divisor of 6 and 1785.
3
Calculate the highest common divisor of 410 and 2740.
10
What is the greatest common factor of 38206 and 14?
14
What is the highest common factor of 976066 and 46018?
2422
Calculate the greatest common factor of 430 and 1750.
10
Calculate the highest common factor of 11986 and 182.
26
Calculate the highest common factor of 855 and 252510.
285
Calculate the greatest common divisor of 32552 and 65.
13
Calculate the greatest common divisor of 91630 and 25585.
595
Calculate the greatest common factor of 6 and 12030.
6
Calculate the greatest common divisor of 6420 and 77468.
428
What is the greatest common factor of 252 and 429849?
63
Calculate the highest common divisor of 1626948 and 180.
36
Calculate the greatest common factor of 249 and 882.
3
What is the greatest common divisor of 164 and 57892?
164
Calculate the greatest common factor of 242 and 45397.
11
Calculate the greatest common factor of 3 and 30732.
3
What is the highest common factor of 19120 and 480?
80
What is the highest common factor of 328 and 96268?
164
Calculate the highest common divisor of 110103 and 112.
7
Calculate the greatest common divisor of 55944 and 2886.
222
What is the greatest common factor of 20306 and 2414?
142
Calculate the highest common factor of 7850 and 150.
50
Calculate the highest common factor of 2044 and 469.
7
What is the highest common divisor of 1529 and 363?
11
Calculate the highest common divisor of 2478 and 156822.
354
What is the highest common factor of 400002 and 326?
326
Calculate the highest common divisor of 50986 and 117.
13
What is the greatest common divisor of 1299320 and 280?
40
Calculate the highest common factor of 176 and 7898.
22
Calculate the highest common factor of 805 and 2317273.
161
Calculate the highest common factor of 81339 and 114.
57
What is the highest common factor of 3 and 192816?
3
Calculate the highest common divisor of 1056 and 1287.
33
Calculate the greatest common divisor of 17417 and 2.
1
What is the greatest common factor of 28 and 7441?
7
What is the highest common factor of 85265 and 5?
5
Calculate the highest common divisor of 760 and 891360.
40
What is the highest common divisor of 4389 and 96957?
399
Calculate the highest common factor of 19370 and 141103.
149
What is the highest common divisor of 273673 and 58?
29
What is the highest common factor of 68 and 17136?
68
Calculate the greatest common divisor of 103955 and 1275.
85
What is the greatest common divisor of 118 and 2098571?
59
What is the greatest common factor of 1358 and 763?
7
Calculate the highest common factor of 584 and 35332.
292
What is the highest common divisor of 10605 and 36295?
35
What is the greatest common divisor of 376785 and 30?
15
What is the highest common factor of 552 and 10695?
69
Calculate the greatest common divisor of 35256 and 4116.
12
Calculate the greatest common divisor of 7070800 and 176.
176
What is the greatest common divisor of 75 and 333825?
75
What is the highest common divisor of 25194 and 1677?
39
Calculate the highest common factor of 100285 and 2170.
155
What is the highest common factor of 38500 and 9450?
350
What is the greatest common factor of 2583 and 539?
7
Calculate the highest common divisor of 30 and 114830.
10
What is the greatest common factor of 108 and 26388?
36
Calculate the greatest common divisor of 168 and 5817.
21
Calculate the highest common divisor of 1615 and 2739686.
323
What is the greatest common factor of 312 and 24492?
156
What is the highest common factor of 11554 and 3074?
106
What is the greatest common factor of 17537 and 76?
19
What is the greatest common factor of 8319 and 90093?
177
Calculate the highest common divisor of 1406 and 1558.
38
Calculate the greatest common factor of 2016 and 101934.
126
Calculate the greatest common divisor of 50911 and 47794.
1039
Calculate the highest common factor of 2 and 69074.
2
What is the highest common divisor of 115 and 8071045?
115
What is the highest common factor of 494821 and 167?
167
Calculate the greatest common factor of 32 and 4856.
8
Calculate the highest common factor of 319 and 55.
11
Calculate the highest common divisor of 755 and 100.
5
Calculate the greatest common factor of 248 and 587884.
124
What is the greatest common divisor of 198 and 21428?
22
What is the highest common factor of 104746 and 996?
166
What is the highest common divisor of 22329 and 134801?
827
What is the greatest common factor of 1044977 and 2545?
509
Calculate the greatest common divisor of 463 and 391.
1
Calculate the greatest common divisor of 425780 and 40.
20
What is the greatest common factor of 3591 and 18487?
133
What is the highest common factor of 15 and 508395?
15
Calculate the greatest common factor of 265300 and 84.
28
Calculate the greatest common divisor of 7134 and 54114.
174
Calculate the highest common factor of 212 and 1610829.
53
What is the greatest common divisor of 6144 and 200?
8
What is the greatest common divisor of 259 and 6031?
37
Calculate the highest common factor of 246 and 12423.
123
Calculate the highest common factor of 25380 and 260.
20
What is the highest common divisor of 9594 and 2296?
82
What is the greatest common factor of 20826 and 27?
9
What is the highest common factor of 22 and 1257520?
22
What is the highest common factor of 24190 and 615?
205
Calculate the greatest common divisor of 369733 and 238.
119
Calculate the highest common factor of 160 and 53024.
32
What is the greatest common factor of 1856 and 1943?
29
Calculate the greatest common divisor of 129 and 57921.
129
Calculate the greatest common divisor of 7970 and 45.
5
What is the highest common factor of 19 and 4825981?
19
What is the highest common factor of 35620 and 20?
20
Calculate the highest common divisor of 11615 and 245.
5
Calculate the highest common divisor of 16 and 449024.
16
What is the highest common divisor of 99 and 57992?
11
Calculate the highest common divisor of 3887 and 4531.
23
What is the greatest common factor of 37425 and 2160?
15
What is the greatest common divisor of 44553 and 6?
3
What is the greatest common divisor of 56 and 7